 0).
-14
What is the value of -1 - (9 - 12 - -6) - 4?
-8
10 + 4 - (-335 + 330)
19
What is 24 - (27 + -4) - -5?
6
Evaluate (4 - -3) + 7 + -24.
-10
Calculate -13 - -9 - ((21 - -3) + -13).
-15
-14 - (5 - 5 - -6)
-20
Calculate 4 + -2 + -9 + (-2 - (-12 + -3)).
6
Evaluate -2 + (14 - (3 - -4)) + -8.
-3
Evaluate -2 - (11 + -5 + -3 - 8).
3
Evaluate (4 + 0 + -4 - 3) + -346 + 344.
-5
Calculate (21 + (0 + -5 - -6) - 3) + -4.
15
Evaluate 1 + -5 + (8 - 2) + -6 + 19.
15
Calculate -31 - 2 - (-5 + -9 + 28 + -12).
-35
What is the value of -20 + (23 - 27) - (-8 - 5)?
-11
Evaluate 2 - 2 - (7 - (2 + 17 + -8)).
4
What is the value of 1 - 39 - (-381 - -362)?
-19
Evaluate -10 + (17 - (-13 - -10 - (-7 + 5))).
8
What is the value of -9 + -1 + 26 + -8 + 4 + 2?
14
Evaluate -12 - (3 + -5 - (-11 + 8)).
-13
What is the value of -27 - (26 - 11 - 21) - 12?
-33
What is -11 + -3 + 10 + -1?
-5
Evaluate (-8 - ((-2 - -3) + 1)) + (-165 - -171).
-4
-15 + (0 - 18 - -67) + 0 + -11
23
Calculate -7 + 4 + -63 + 79.
13
Calculate -434 + 449 - (-3 + (47 - 1)).
-28
What is the value of (8 - (0 + 7 - (-50 + 42))) + 24?
17
What is the value of 18 + (9 - 9) - 15?
3
(20 - ((-2 - -1) + 4)) + (0 - 7)
10
What is -1 + (1 + 2 - (1 + 1 + 3))?
-3
Evaluate 10 + (-20 + 14 + 7 - -8).
19
Calculate -11 + (-47 - -45 - (0 - 4)) + -6.
-15
What is the value of -9 - (-5 + (-1 - -2) + -1)?
-4
-10 + 5 - (-228 + 223)
0
Calculate 3 + (0 + (0 + -1 - 6) - 12).
-16
13 - (3 + -7 + 8)
9
Calculate 6 - (12 + 2 - 4 - 8).
4
Evaluate (-8 - (5 + -5)) + 3 + -2 + 0.
-7
-17 + 13 + -8 + 5 + (18 - 2)
9
21 + (19 - 4) + -30
6
Calculate -61 + 85 + (-49 - -3).
-22
Evaluate 0 + 0 - (1 + -4 - (-30 + 11)).
-16
Evaluate -4 - (8 - (33 + -4)) - -4.
21
What is (-22 - -22) + -4 - -3?
-1
Evaluate 1 + 2 + (5 - 6 - -5) + 6.
13
What is the value of 164 + -162 + (0 - 12)?
-10
What is -2 + (2 - (2 - -6)) + (15 - -5)?
12
What is the value of (5 - ((6 - 9) + 5)) + 15 - 8?
10
What is -16 - ((-3 - 1) + -67 + 72)?
-17
What is the value of 4 + -16 - (4 + -4 + -1 + -8)?
-3
Evaluate 10 + -2 - (-7 + 7 + -4 - -12).
0
Evaluate 2 + (-7 - 7) + 4.
-8
What is the value of -16 + 8 + -4 - -25?
13
What is the value of 2 - (27 + -29 + 11 + 0) - -5?
-2
What is the value of -17 + (31 - 8) - -11?
17
What is the value of (-9 - (-26 - -24)) + 7 + 1?
1
What is the value of (12 - 9) + -8 + (-10 - 0)?
-15
Calculate 690 + -690 + 0 + -21.
-21
Evaluate 28 + (-12 + 32 - 18) + -10.
20
Calculate 10 + -6 + -1 + -74 + 84.
13
Calculate -3 + 5 + (-1 - -1) + -3 + -2.
-3
Evaluate -16 + 13 + 2 + 2 - (23 - 14).
-8
Calculate (-4 - (6 - 9 - 3)) + 3 + 26.
31
(-32 - -9) + 12 + 9 + -11
-13
What is -3 - ((-15 - (-5 + 0)) + 5 + 6)?
-4
What is the value of (-12 - -2) + 6 + 3 + -5 + 3?
-3
-16 - (-3 + (-12 - -8))
-9
Evaluate 9 + -35 + 23 + -20.
-23
14 - (36 - (19 + (11 - 23)))
-15
What is the value of (3 - (2 + 2)) + -4 + (28 - 22)?
1
Calculate (-28 - (-54 - -15)) + (0 - 13).
-2
Evaluate 0 + -3 + -5 - (-29 - 1) - 1.
21
What is -22 + 31 + -15 + -12 + -16?
-34
Calculate -30 + 42 + 8 + -33.
-13
Evaluate 12 - (-23 + 36 + 7).
-8
44 - (13 + 3) - 33
-5
Calculate -2 - (1 + -1 - (5 + -4)) - -1.
0
-50 + -10 + (19 - (6 - 8))
-39
What is the value of (0 - 1) + (26 - 14)?
11
What is the value of (-3 - (1 - -2)) + (5 + -26 - -27)?
0
7 + -3 + 8 - (-16 + 47)
-19
Evaluate -11 + 2 - 5 - (-22 + 30).
-22
(-447 - -427) + (-1 - -40)
19
What is the value of -11 - -1 - (-45 + (-1 - -45))?
-9
Calculate 9 + (4 + 2 - (-48 + 59)) - -26.
30
What is -168 + 158 + -3 + 16?
3
Calculate 93 + -30 + 1 + -29.
35
What is -31 + (59 - 24) + 17?
21
Evaluate -1 - 7 - (-27 - -27 - -10).
-18
Calculate (12 - (-2 + 4) - 13) + (0 - 9).
-12
1 + -2 + 1 + (-17 - (-53 + 46))
-10
What is the value of (-9 - (-14 + 5)) + -1 - (3 - 0)?
-4
Evaluate 35 + (-12 - (0 - -21)).
2
What is 142 - 157 - (-6 + 2) - 17?
-28
Calculate -1 + 0 + 37 + -48 + 3.
-9
What is the value of (9 + -32 + 11 - -5 - -12) + -6?
-1
32 + (-47 - 31) - -20
-26
Calculate 3 + 13 + -9 + (2 - (12 - -2)).
-5
Calculate (103 - 134) + (2 + -3 - -13).
-19
Calculate -12 - (5 - (0 - -6) - 0).
-11
Calculate 13 + (-5 + 7 - 1).
14
(6 - (15 - (3 - -2))) + 12
8
What is the value of -8 - (-7 + -4 + 16 - 7 - -1)?
-7
2 + -39 - (-132 + 113)
-18
Evaluate -6 - -4 - (17 - 21 - (-1 + -12)).
-11
Evaluate 7 - (-14 + 11 + 6).
4
What is the value of -22 + (-24 + 45 - -2)?
1
16 + -20 - (8 + 6) - 2
-20
What is the value of 31 - 1 - (22 + -24 - (8 + -4))?
36
What is the value of 8 - (2 + (6 - 1)) - 16?
-15
What is 42 + -38 + (2 - 29) - -3?
-20
(-5 - -12) + -1 + -1 - -1 - -1
7
(-20 + 0 - -29 - (7 + -3)) + 5
10
What is the value of 32 + -2 + -2 - (-2 - (0 - 4))?
26
What is the value of -7 + (30 - (22 - 27))?
28
What is -36 - -32 - (-1 - -4 - 11)?
4
Calculate -14 + (-18 - -17) + -3.
-18
Calculate 3 - ((-13 - (6 + -20)) + (7 - -1)).
-6
Evaluate 2 + -5 + -2 - (-8 - (20 + -46)).
-23
What is the value of 525 + -529 + (20 - -1 - (2 + -1))?
16
Evaluate -16 + -1 - -13 - 1 - -19.
14
What is -23 - -19 - ((10 - -5) + -2)?
-17
-24 + (-16 - -31) + (0 - -23)
14
What is -19 + (3 - 0) + 1 + 5?
-10
What is 0 + -20 + 11 - -6?
-3
Calculate (9 - (2 - 5) - 4 - -5) + 4.
17
3 + 30 + (-2 - -7) + 58 + -63
33
What is (-57 - -46) + -2 + 3 - -6?
-4
8 - 15 - (8 + 3 + 11)
-29
Evaluate -7 + (-4 - ((1 - 20) + 13)).
-5
Calculate -3 - (5 + -2) - (-20 + 20).
-6
Evaluate -1 + 12 + -13 + (2 - (-3 + -13)).
16
What is -20 - -5 - (9 - 23)?
-1
Calculate 7 + (-6 - (-30 + 14 + -8) - 7).
18
Evaluate -14 - ((16 - 9) + (-6 - (-10 + 6))).
-19
Calculate 5 + -2 + 30 - (-901 + 894).
40
Evaluate 36 + -16 + 13 + -20.
13
-56 + (-4 - 29 - -57)
-32
Calculate 12 - (-2 - -11 - 11 - -6).
8
What is -45 - -23 - -11 - -34?
23
What is -26 - (14 + 8 - 41)?
-7
Evaluate -3 + (0 - -9) + -22 + 4 + 19.
7
Evaluate 0 + (3 - -54) + 20 + -39.
38
What is 21 + (-19 - (30 + -17))?
-11
5 - (-18 - -14 - -14)
-5
Calculate 5 - (8 + -7 + 8 - (13 + 5)).
14
1 + -16 - (5 - 25)
5
What is -12 + -1 + 52 + 21 + -21?
39
What is (-1 - -5) + 55 + -52 - 3 - 16?
-12
Calculate -1 - -16 - (46 + -40).
9
What is 2 - (6 + (0 - 7)) - (2 - -1)?
0
What is (15 - (-6 - -10 - 2)) + (-3 - -1)?
11
0 + 16 + 42 + -61
-3
Calculate (0 + 19 - (-1 + 6)) + -8.
6
What is the value of 4 - (-13 - (-10 - (10 + -12)))?
9
What is the value of 147 + -142 + (0 - -5) + 7?
17
What is 3 - (2 + 4 + -18)?
15
Calculate (0 + -25 - 1) + -6 + 15.
-17
Calculate 1 - 12 - (8 + -6) - 11.
-24
What is 7 + 1 + (7 - 16) + -1?
-2
What is (0 - 21) + 1 + 115 + -118?
-23
Evaluate 29 - 42 - (-2 + -1).
-10
What is the value of (-18 + 36 - 41) + 18 + -25?
-30
Evaluate (0 - -3) + (-4 - -5 - -3) + 6.
13
What is (-5 - -2) + -3 + 6 + 1 - 12?
-11
What is -8 + -23 + 20 + 14?
3
Evaluate -13 + 10 + (4 - 3 - 3 - 5).
-10
What is the value of -28 + 30 + (-1 + -2 - -16) + -2?
13
Evaluate (0 + 4 - 0) + (-46 - -1).
-41
Evaluate (-5 - (-8 + -11) - 8) + 4.
10
What is 1 + -13 + (29 - 10 - 21)?
-14
Calculate 1 - ((8 - 0) + -12 - -5).
0
Calculate 61 - (28 + (-9 - -11)).
31
What is 0 + 1 - (100 + -107)?
8
Calculate -8 - (0 + (-2 + -3 - -4)) - 6.
-13
What is -156 + 203 + (2 - 12) + 5?
42
Evaluate (15 - 4) + (-16 + 2 - (-80 + 56)).
21
What is the value of (-4 - (-16 + 15)) + (22 + 4 - 2)?
21
Calculate 20 - (-30 + 12 + 51 + -13).
0
-10 + 3 - (-7 + 17 + -11 + -22)
16
What is (-48 - -53) + (-2 - (2 + -4)) + 0?
5
Evaluate 52 + -35 + 9 + -48.
-22
What is (-5 - (-3 + -4 - -8)) + -11?
-17
-15 + (9 + 3 - 6 - 1)
-10
(1 + -16 - -6) + 3
-6
(-3 + -5 - 1) + 19 + -15 - -3
-2
What is (-27 - -18 - -16) + 1 + 4 + -2?
10
-14 + 18 - (-8 + 34)
-22
What is 26 + (12 - 20) - 15?
3
Calculate (-1 - (0 - 7)) + -26 + 17.
-3
What is the value of -23 + 9 - (-8 + -13)?
7
Calculate (-4 - -3 - -22) + -42.
-21
Evaluate -9 + (-19 - -25) + 9 + -1 + 29.
34
What is 48 + (0 - 0 - (6 + 36 + -31))?
37
What is the value of (15 - (3 - 3)) + -32?
-17
Calculate (-10 + 1 + 6 - -18) + 0 + 2.
17
Evaluate (-3 - -7) + 4 - 4 - -12.
16
(-10 - -3) + (-5 - (-5 + 1) - 0)
-8
What is -1 - 4 - (4 - 6)?
-3
Evaluate -3 + (10 + -10 - -11) - -9.
17
(-2 - -10 - (6 + 0)) + -6
-4
What is 26 + (-12 - -2 - (62 - 64))?
18
Evaluate 0 + -6 - (-312 + 302) - -9.
13
Evaluate (202 - 202) + (0 - -1) + -3.
-2
Evaluate -24 - (-13 + -6) - (0 - 14).
9
What is -34 + (-4 - -22) - -39?
23
-20 + (44 - 31) + -1 + -10
-18
What is the value of -11 + 1 + 11 + (